20?
True
Does 21 divide 31794840?
True
Does 677 divide 1178535817?
True
Does 2 divide 654306?
True
Is 12 a factor of 37805520?
True
Does 18 divide 3664194995?
False
Is 278973880 a multiple of 52?
False
Does 460 divide 103999570?
False
Is 413 a factor of 793387984?
False
Is 59 a factor of 412754206?
True
Is 175091234 even?
True
Is 92087916 a multiple of 70?
False
Is 3893 a factor of 2093554182?
True
Is 390 a factor of 77340840?
False
Is 987 a factor of 1983026?
False
Is 1623 a factor of 26685366?
True
Does 582 divide 44162742?
True
Is 85627094 a multiple of 226?
False
Does 9441 divide 663173604?
True
Is 636728116 a multiple of 60?
False
Is 48900405 a multiple of 1558?
False
Is 290536092 a multiple of 1674?
True
Does 3 divide 34418123?
False
Is 982396265 a multiple of 6?
False
Does 349 divide 22442445?
True
Is 261 a factor of 94115556?
True
Is 1186 a factor of 196862954?
True
Is 557157724 a multiple of 2836?
True
Is 455058 a multiple of 16?
False
Is 234599918 a multiple of 4?
False
Is 245 a factor of 159068943?
False
Is 9964 a factor of 72298784?
True
Is 50960 a multiple of 10?
True
Does 1179 divide 26973609?
False
Is 3992 a factor of 189260720?
True
Does 8888 divide 1261580496?
True
Is 11 a factor of 40375966?
False
Does 111 divide 195148832?
False
Is 443839568 a multiple of 1317?
False
Is 1242376611 a multiple of 21?
True
Is 70 a factor of 441922924?
False
Does 33 divide 560736?
True
Is 1149 a factor of 11452083?
True
Does 7 divide 3938704944?
False
Does 69 divide 211066283?
False
Does 404 divide 523145622?
False
Is 45 a factor of 329272959?
False
Is 2192019501 a multiple of 1253?
True
Is 51024889 a multiple of 3?
False
Is 12 a factor of 359767056?
True
Is 396504996 a multiple of 19?
True
Is 363003837 a multiple of 90?
False
Is 144766197 a multiple of 2100?
False
Does 116 divide 79279364?
False
Is 2179239058 a multiple of 7712?
False
Does 9 divide 82818045?
True
Is 48 a factor of 1609536?
True
Is 9 a factor of 857405885?
False
Is 129 a factor of 6885430610?
False
Is 90 a factor of 2205825?
False
Does 6 divide 15020142?
True
Is 11 a factor of 146973376?
True
Does 1283 divide 207568274?
False
Does 4231 divide 118810711?
True
Is 122 a factor of 48102900?
False
Does 6 divide 1602756?
True
Is 2750 a factor of 6962593?
False
Is 1159 a factor of 560819781?
False
Does 5868 divide 1372639704?
False
Is 46998136 a multiple of 328?
True
Is 1262417525 a multiple of 131?
True
Does 44 divide 25655784?
True
Is 5 a factor of 10093958?
False
Is 53 a factor of 68569280?
True
Is 42522831 a multiple of 17?
True
Is 35 a factor of 17810876?
False
Does 35 divide 58740673?
False
Is 128503523 a multiple of 440?
False
Is 48 a factor of 21700921?
False
Does 3660 divide 3088425120?
True
Does 11 divide 87444733?
False
Does 24 divide 840363378?
False
Is 1256568 a multiple of 12?
True
Is 143864296 a multiple of 189?
False
Is 707355904 a multiple of 150?
False
Does 1153 divide 39913401?
True
Is 672 a factor of 60688320?
True
Does 101 divide 217827948?
False
Is 700 a factor of 19288987?
False
Is 406 a factor of 26457802?
True
Is 69678190 a multiple of 21?
False
Is 4315 a factor of 718141135?
True
Is 25845009 a multiple of 172?
False
Does 15 divide 26346450?
True
Is 188750664 a multiple of 18?
True
Does 23 divide 41668778?
True
Is 30 a factor of 984223830?
True
Is 249 a factor of 1627601988?
False
Is 2861736 a multiple of 516?
True
Is 21630312 a multiple of 11?
True
Does 14 divide 1004214511?
False
Does 72 divide 414384672?
False
Is 25234183 a multiple of 36?
False
Is 138422877 even?
False
Is 29863620 a multiple of 58?
True
Is 79912213 a multiple of 7?
False
Does 22 divide 309466520?
True
Is 2161547873 a multiple of 286?
False
Does 32 divide 1075214528?
True
Is 366 a factor of 1215859620?
False
Does 25 divide 39416036?
False
Is 464 a factor of 521355878?
False
Is 90081687 a multiple of 8?
False
Does 12 divide 91898352?
True
Is 9434 a factor of 2276568554?
False
Is 58868528 a multiple of 2?
True
Is 5986730 a multiple of 5?
True
Is 110996973 a multiple of 227?
False
Does 11 divide 22717188?
False
Is 9 a factor of 384611284?
False
Does 14 divide 14906332?
True
Does 17070 divide 8089711980?
True
Is 363520512 a multiple of 3077?
False
Is 12 a factor of 5196325996?
False
Does 146 divide 12783614?
True
Does 26 divide 18081128?
True
Is 18 a factor of 60938370?
True
Is 4517199632 a multiple of 11?
True
Does 1336 divide 857350897?
False
Does 15 divide 639155407?
False
Is 2087910272 a multiple of 2639?
False
Is 3236576295 a multiple of 37?
True
Is 81 a factor of 3787588107?
True
Is 782749611 a multiple of 307?
True
Is 625 a factor of 9760830?
False
Is 511 a factor of 449508815?
True
Does 8 divide 28020800?
True
Does 17 divide 2617356098?
False
Is 326 a factor of 103874684?
True
Is 48 a factor of 313722672?
True
Does 37 divide 165537963?
True
Does 9 divide 38574972?
True
Is 20201239 a multiple of 241?
False
Is 16554870 a multiple of 6?
True
Does 338 divide 21640450?
True
Is 179 a factor of 2354401657?
False
Does 111 divide 142280022?
True
Does 315 divide 157652393?
False
Does 84 divide 49197036?
True
Is 39 a factor of 16934675?
False
Is 76319460 a multiple of 1079?
False
Is 37 a factor of 300194135?
True
Is 432 a factor of 38352112?
False
Does 336 divide 21946701?
False
Does 47 divide 7067997?
False
Is 5 a factor of 8700858?
False
Is 22501986 a multiple of 559?
True
Is 63669354 a multiple of 14?
True
Does 908 divide 1662064523?
False
Does 8 divide 23585918?
False
Does 197 divide 18317540?
False
Does 5786 divide 2802292878?
True
Does 34 divide 38161027?
False
Does 197 divide 6177132?
True
Is 320632101 a multiple of 31?
True
Is 291026268 a multiple of 9?
True
Is 140782275 a multiple of 77?
False
Is 480673630 a multiple of 327?
False
Does 1084 divide 2354448?
True
Is 242 a factor of 19171482?
True
Is 152202071 a multiple of 2?
False
Is 14 a factor of 23517564?
True
Does 127 divide 56915129?
False
Is 913035424 a multiple of 1862?
True
Is 1544353924 a multiple of 916?
False
Is 239 a factor of 77463724?
True
Is 27381339 a multiple of 2511?
False
Is 56237877 a multiple of 862?
False
Does 193 divide 3837462425?
True
Is 3860640 a multiple of 1260?
True
Is 252 a factor of 9430463?
False
Is 2 a factor of 14294105?
False
Is 571212864 a multiple of 192?
True
Is 5180805 a multiple of 1140?
False
Is 3514778 a multiple of 5?
False
Is 759112602 a multiple of 11749?
False
Does 5 divide 44122940?
True
Is 16 a factor of 111111840?
True
Does 183 divide 141011016?
True
Does 357 divide 282888585?
True
Does 72 divide 38493864?
True
Does 863 divide 8283074?
True
Is 254 a factor of 542590736?
True
Is 7 a factor of 3471959183?
True
Does 865 divide 13051011?
False
Does 36 divide 18861300?
True
Is 103 a factor of 144193717?
True
Is 117514566 a multiple of 8?
False
Is 73069190 a multiple of 18?
False
Is 8428981 a multiple of 305?
False
Is 3324915872 a multiple of 21?
False
Is 71430642 a multiple of 943?
False
Does 666 divide 12893178?
False
Does 478 divide 52505923?
False
Is 16872258 a multiple of 29?
True
Is 6 a factor of 433595202?
True
Does 4 divide 521882?
False
Is 22863577 a multiple of 1001?
False
Is 18 a factor of 11751300?
True
Is 12893880 a multiple of 40?
True
Is 20 a factor of 74529460?
True
Is 707157960 a multiple of 269?
True
Does 15 divide 2168988?
False
Is 164735781 a multiple of 4581?
False
Is 5529420 a multiple of 195?
True
Is 449 a factor of 100442043?
False
Does 16 divide 451472?
True
Is 10 a factor of 2837723450?
True
Is 229905408 a multiple of 128?
True
Is 5 a factor of 4575830?
True
Is 89748281 a multiple of 5?
False
Is 15502469 a multiple of 41?
True
Is 83941632 a multiple of 24?
True
Does 47 divide 40026501?
False
Is 60692752 a multiple of 30?
False
Is 9880985 a multiple of 105?
False
Is 77816627 a multiple of 301?
True
Is 48 a factor of 546462288?
True
Does 842 divide 177574081?
False
Is 373 a factor of 12057384?
False
Does 114 divide 186286602?
True
Is 8119057 a multiple of 32?
False
Is 8 a factor of 491916638?
False
Does 5 divide 167715125?
True
Is 135 a factor of 1899952186?
False
Does 5 divide 4634839?
False
Is 23 a factor of 846399?
False
Is 597806640 a multiple of 8626?
False
Is 105339275 a multiple of 67?
False
Does 357 divide 151077568?
False
Is 124 a factor of 26509662?
False
Does